ors of h?
41
Suppose 0 = -7*r - 12 + 33. Suppose r*b = 5 + 7, -52 = -4*g - 5*b. What are the prime factors of g?
2
Let f be 3/(-2)*(-56)/21. List the prime factors of (-1 + 5)/(1/f).
2
Suppose 3*s - 55 - 41 = 0. List the prime factors of s.
2
Suppose z = 13 + 18. List the prime factors of z.
31
Suppose 2*p - 3 = 75. List the prime factors of p.
3, 13
Suppose -2*b - w + 8 = 3*w, 0 = -4*w + 20. Let q be b + 4 - (0 - -1). List the prime factors of -1*(3 + (q - 11)).
11
Let j = -14 - -40. What are the prime factors of j?
2, 13
Let b(s) = -s**2 + 8*s - 4. Let d be 5/(-15)*15/(-1). Let g be b(d). Let q = g + -7. What are the prime factors of q?
2
Suppose -3*q + 2*q = 1. Let h be (-45)/(-3) - q/1. What are the prime factors of h/20*(-45)/(-2)?
2, 3
Let l(g) = 2*g**2 - 1. Let d be l(1). Let h = 6 - d. List the prime factors of h.
5
Suppose g + 0*g = 10. Suppose 6*i - g*i = -60. List the prime factors of i.
3, 5
Suppose 2*h - h = 5*q + 80, -5*q + 2*h - 85 = 0. Suppose 4*s + 12 = -16. Let y = s - q. What are the prime factors of y?
2
Let d(h) = -h**3 + 5*h**2 + 3*h + 7. Let m be d(5). Suppose 0 = 10*q + 43 + 37. Let u = q + m. List the prime factors of u.
2, 7
Let x = 4 + 0. Suppose 0*l - x*l + 8 = 0. List the prime factors of (2/l)/((-2)/(-10)).
5
Let p be -2*3/(-18)*9. Let a(j) = p*j + 0 + 2 - 1. List the prime factors of a(1).
2
Let o(s) = -27*s - 13. Let h(f) = 13*f + 6. Let k(w) = 5*h(w) + 2*o(w). What are the prime factors of k(3)?
37
Let h be 0 + 1 - 2/2. Let y be (4 - (4 - 0))/(-1). What are the prime factors of (2 + h + y)*7?
2, 7
Suppose 1 = 4*h - 3. Suppose -i + 3 = h. Suppose 4*l = i*j - 5*j + 23, -10 = -5*l. List the prime factors of j.
5
Let y be 43*(-3)/12*-8. What are the prime factors of 8/(-28) - y/(-7)?
2, 3
Suppose o = -2*k - 3*o + 4, 8 = 2*k + 5*o. Let p = 16 + k. List the prime factors of p.
2, 5
Suppose 90 = 5*o - 2*o. What are the prime factors of o?
2, 3, 5
Suppose 191*y + 1012 = 195*y. What are the prime factors of y?
11, 23
Suppose 2*i + 5*t - 554 = 0, -3*i - 2*t = -297 - 534. List the prime factors of i.
277
Let l = 1 + -6. What are the prime factors of (l/(-10))/((-1)/(-26))?
13
Let b(a) = a**2 - 7*a + 1. Let o(u) = -2*u + 1. Let q be o(-2). Let t be b(q). Let i(f) = f + 21. List the prime factors of i(t).
2, 3
Suppose -8*b = -5*b. Let h(c) = c**3 - c**2 + 16. What are the prime factors of h(b)?
2
Let l be (-6)/(4/10*-1). Let h be ((-12)/10)/((-16)/40). Suppose 0 = 3*d + 2*f - 11, 0 = -h*f - l. What are the prime factors of d?
7
List the prime factors of 1/(2 + (-290)/146).
73
Let p(r) = -r**3 - 14*r**2 + 14*r - 13. Let c be p(-15). Suppose -4*d + 23 = 5*z - 24, -c*d + 10 = -2*z. List the prime factors of d.
2
Suppose -p + 6 = p + k, k + 6 = 4*p. Suppose -4*d - 4 = 0, -5*q + p*d + 2*d + 69 = 0. List the prime factors of q.
13
Let f(y) = y + 3. Suppose 3*s = 2*i - 43, -5 = -2*s + 3*s. Suppose -i - 10 = -3*x. What are the prime factors of f(x)?
11
Suppose -y - 2 = -3. Let q be y - 2 - -4*9. Suppose -4*p = 2*x - 50, -5*p + 2*x + q = -23. What are the prime factors of p?
2, 3
Suppose 3*a = -5*q + 184, 4*a + 26 - 170 = -4*q. What are the prime factors of q?
2, 19
Let d = 88 - -10. What are the prime factors of d?
2, 7
Suppose -12 = -8*n + 4*n. Let k(f) = -f**2 - f + 1. Let m be k(-1). List the prime factors of n/(6/40) - m.
19
Suppose 0 = -m + 4*m + 9. Let r be 3*(-2 + (-13)/m). Suppose -j + r = -4. What are the prime factors of j?
11
Let z(c) = 5*c**2 - 6*c - 7. Let s = -4 + 9. Let i be z(s). Suppose 5*m - i + 28 = 0. What are the prime factors of m?
2, 3
Let g be 27/(-9) - (-16 + 1). Let u = -8 + g. List the prime factors of u.
2
Let c = -5 + 23. List the prime factors of c.
2, 3
Let u(v) = 10*v**2 + 6*v + 2. What are the prime factors of u(-2)?
2, 3, 5
Let s = 1 - 8. Suppose -5*a + 3*a = 42. Let r = s - a. What are the prime factors of r?
2, 7
Let y = -236 + 412. What are the prime factors of y?
2, 11
Suppose 0 = 5*i - i - 4. Let p = 4 - i. Suppose 2*l = -d + p*d + 16, 4*d + 12 = -l. List the prime factors of l.
2
Let h(y) be the third derivative of -y**6/144 - y**4/8 - y**2. Let p(j) be the second derivative of h(j). What are the prime factors of p(-1)?
5
Suppose -3*b + 2*n - n = -65, 3*b - 70 = -4*n. Suppose -b = -4*d - 6. List the prime factors of d.
2
List the prime factors of (9 - 1)/((-4)/(-18)).
2, 3
Let r = 15 - 28. Let l = -11 + 6. Let y = l - r. List the prime factors of y.
2
Let z be (-54)/8*(-16)/6. Let a be 4/z - 169/(-9). Suppose a - 7 = x. List the prime factors of x.
2, 3
Let d(f) = -51*f - 16. What are the prime factors of d(-2)?
2, 43
Let l(k) = 53*k**2 - 8*k. Let z(s) = 18*s**2 - 3*s. Let n(v) = 4*l(v) - 11*z(v). Let x be 2/6*(-2 - 1). List the prime factors of n(x).
13
Let q = 22 - -17. List the prime factors of q.
3, 13
Suppose -5*g - 155 = -5*n, 0 = 4*n - 2*g + 34 - 162. What are the prime factors of n?
3, 11
Let g(m) = -49*m + 3. List the prime factors of g(-1).
2, 13
List the prime factors of 2/18 - 143/(-9)*1.
2
Let n be 8/3 - 12/18. Suppose -n*p - 12 = -4*p. Let o = p + 2. List the prime factors of o.
2
Suppose 6*w - w = -175. Let y be (-10)/w + 19/7. Let a = y - 0. What are the prime factors of a?
3
Let a be 0 - 0 - 0/(-1). Suppose a*n = n. What are the prime factors of 4*2 - (n - 2)?
2, 5
Suppose 1 = x - 2. Suppose x*d - 1 = 11. List the prime factors of d.
2
Suppose -b + 2*b - 32 = 0. List the prime factors of b.
2
Let v(m) be the second derivative of m**5/20 + 11*m**4/12 - m**3/6 - 2*m**2 + 5*m. What are the prime factors of v(-11)?
7
List the prime factors of ((-3)/(-6)*-8)/(2/(-14)).
2, 7
List the prime factors of (-1)/2 - (-39)/2.
19
Let q be 4/10 - 16/(-10). Let r(a) = 2*a**3 + 2*a**2 - 3*a + 2. Let v be r(q). What are the prime factors of 12/v + 27/5?
2, 3
Suppose 0*a + 70 = 2*a. Let b = a - 20. List the prime factors of 6/b - (-98)/5.
2, 5
Suppose -4*k + 3*t + 0*t = -70, -3*t = -5*k + 86. What are the prime factors of k?
2
Suppose w - 94 - 24 = 0. What are the prime factors of w?
2, 59
Let i(v) = v + 5. Let x be i(-6). Let k be (-6)/6*(x + 9). What are the prime factors of k/(-36) + (-194)/(-18)?
11
Suppose -51 = 2*r + 5*g, -g + 9 + 38 = -4*r. Let c = -24 - -19. Let h = c - r. List the prime factors of h.
2
Let h = 12 - 10. What are the prime factors of h?
2
Let y(s) = s**2 - 7*s + 6. Let o be y(7). Let m = -2 + o. List the prime factors of m.
2
Let b(s) = -s**3 - 6*s**2 - 5*s + 7. Let y be b(-6). Let n = y - 15. List the prime factors of n.
2, 11
Let k be (-52)/(-6) - 6/9. Suppose m = -m + k. Suppose 3*d = -4*v + 44, 0*d + v + 46 = m*d. List the prime factors of d.
2, 3
Let f = 11 + -22. Let x(s) = s**2 + 5*s - 12. What are the prime factors of x(f)?
2, 3
Let h be (8/(-6))/(2/(-3)). Let o = h + 0. Suppose 7 = v + 3*r - 19, -32 = -2*v - o*r. List the prime factors of v.
11
Suppose 3*f = -p + 3*p + 48, -3*p + 5 = f. Let i = -21 + f. Let o(j) = j**3 + 6*j**2 - 8*j - 1. What are the prime factors of o(i)?
2, 3
Suppose -2*l = -93 + 29. Suppose l = w - 4*m, 0 = -0*w - w - 5*m + 41. What are the prime factors of w?
2, 3
Let y(l) = 4*l - 1. Let n be y(3). List the prime factors of n/(6/2 + -2).
11
Suppose 2*g + 54 = -3*k, -62 = 3*k - 4*g - 8. Let a = -13 - k. What are the prime factors of a?
5
Let u be 2/8 - (-12)/16. Let n = -2 + u. What are the prime factors of ((-5)/(15/27))/n?
3
Let i = 490 + -266. Suppose -5*g + i - 44 = 0. List the prime factors of g.
2, 3
Let n(a) = a**2 - 11*a + 14. Let b be n(11). Let r = b + -8. List the prime factors of (-2)/(-4)*r + 0.
3
Let q be 0/(6*1/2). Suppose q = -5*o + 3*v - 20 + 70, 36 = 2*o + 2*v. What are the prime factors of o?
13
Let i be (-5 + 4)/((-2)/(-12)). Let t be -2 - (i + (-1 - -2)). List the prime factors of (-4 + t)/(1/(-7)).
7
Let s be 1/2 + 9/6. Suppose 0 = -0*v + s*v - 12. Let g(x) = -x**2 + 7*x + 5. List the prime factors of g(v).
11
Let t = 8 - 4. Let o be t/22 + (-72)/33. Let s(p) = -4*p + 2. What are the prime factors of s(o)?
2, 5
Suppose 119 = 4*p + 23. Let k = 13 - p. What are the prime factors of 0 - 0 - (k + 1)?
2, 5
Let q(n) = n**2 - 7*n + 10. Let j be q(5). Suppose 2*u = 4*r + 18, 0 = -5*u - j*u + 3*r + 31. What are the prime factors of u?
5
Let i(t) = t**2 + 2*t - 3. Let p be i(-4). Suppose 0 = -4*f - 5*s - 53, p*f + 36 = 2*f - 